{"id":7394,"date":"2026-04-11T12:59:07","date_gmt":"2026-04-11T12:59:07","guid":{"rendered":"https:\/\/summer.ski.it\/en\/structure\/86cf763a-5d4e-4b26-8bef-6e4485804a01\/"},"modified":"2026-04-11T12:59:07","modified_gmt":"2026-04-11T12:59:07","slug":"86cf763a-5d4e-4b26-8bef-6e4485804a01","status":"publish","type":"structure","link":"https:\/\/summer.ski.it\/en\/structure\/86cf763a-5d4e-4b26-8bef-6e4485804a01\/","title":{"rendered":"86cf763a-5d4e-4b26-8bef-6e4485804a01"},"content":{"rendered":"","protected":false},"menu_order":0,"template":"","fow":[],"impianti_inclusi":[],"profilo":[],"profilo_secondario":[],"class_list":["post-7394","structure","type-structure","status-publish","hentry"],"yoast_head":"<!-- This site is optimized with the Yoast SEO plugin v23.5 - https:\/\/yoast.com\/wordpress\/plugins\/seo\/ -->\n<title>86cf763a-5d4e-4b26-8bef-6e4485804a01 - Summer SKI Promo<\/title>\n<meta name=\"robots\" content=\"index, follow, max-snippet:-1, max-image-preview:large, max-video-preview:-1\" \/>\n<link rel=\"canonical\" href=\"https:\/\/summer.ski.it\/en\/structure\/86cf763a-5d4e-4b26-8bef-6e4485804a01\/\" \/>\n<meta property=\"og:locale\" content=\"en_US\" \/>\n<meta property=\"og:type\" content=\"article\" \/>\n<meta property=\"og:title\" content=\"86cf763a-5d4e-4b26-8bef-6e4485804a01 - Summer SKI Promo\" \/>\n<meta property=\"og:url\" content=\"https:\/\/summer.ski.it\/en\/structure\/86cf763a-5d4e-4b26-8bef-6e4485804a01\/\" \/>\n<meta property=\"og:site_name\" content=\"Summer SKI Promo\" \/>\n<meta name=\"twitter:card\" content=\"summary_large_image\" \/>\n<script type=\"application\/ld+json\" class=\"yoast-schema-graph\">{\"@context\":\"https:\/\/schema.org\",\"@graph\":[{\"@type\":\"WebPage\",\"@id\":\"https:\/\/summer.ski.it\/en\/structure\/86cf763a-5d4e-4b26-8bef-6e4485804a01\/\",\"url\":\"https:\/\/summer.ski.it\/en\/structure\/86cf763a-5d4e-4b26-8bef-6e4485804a01\/\",\"name\":\"86cf763a-5d4e-4b26-8bef-6e4485804a01 - Summer SKI Promo\",\"isPartOf\":{\"@id\":\"https:\/\/summer.ski.it\/en\/#website\"},\"datePublished\":\"2026-04-11T12:59:07+00:00\",\"dateModified\":\"2026-04-11T12:59:07+00:00\",\"breadcrumb\":{\"@id\":\"https:\/\/summer.ski.it\/en\/structure\/86cf763a-5d4e-4b26-8bef-6e4485804a01\/#breadcrumb\"},\"inLanguage\":\"en-US\",\"potentialAction\":[{\"@type\":\"ReadAction\",\"target\":[\"https:\/\/summer.ski.it\/en\/structure\/86cf763a-5d4e-4b26-8bef-6e4485804a01\/\"]}]},{\"@type\":\"BreadcrumbList\",\"@id\":\"https:\/\/summer.ski.it\/en\/structure\/86cf763a-5d4e-4b26-8bef-6e4485804a01\/#breadcrumb\",\"itemListElement\":[{\"@type\":\"ListItem\",\"position\":1,\"name\":\"Home\",\"item\":\"https:\/\/summer.ski.it\/test-home\/\"},{\"@type\":\"ListItem\",\"position\":2,\"name\":\"Structures\",\"item\":\"https:\/\/summer.ski.it\/en\/structures\/\"},{\"@type\":\"ListItem\",\"position\":3,\"name\":\"86cf763a-5d4e-4b26-8bef-6e4485804a01\"}]},{\"@type\":\"WebSite\",\"@id\":\"https:\/\/summer.ski.it\/en\/#website\",\"url\":\"https:\/\/summer.ski.it\/en\/\",\"name\":\"Summer SKI Promo\",\"description\":\"\",\"publisher\":{\"@id\":\"https:\/\/summer.ski.it\/en\/#organization\"},\"potentialAction\":[{\"@type\":\"SearchAction\",\"target\":{\"@type\":\"EntryPoint\",\"urlTemplate\":\"https:\/\/summer.ski.it\/en\/?s={search_term_string}\"},\"query-input\":{\"@type\":\"PropertyValueSpecification\",\"valueRequired\":true,\"valueName\":\"search_term_string\"}}],\"inLanguage\":\"en-US\"},{\"@type\":\"Organization\",\"@id\":\"https:\/\/summer.ski.it\/en\/#organization\",\"name\":\"Summer SKI Promo\",\"url\":\"https:\/\/summer.ski.it\/en\/\",\"logo\":{\"@type\":\"ImageObject\",\"inLanguage\":\"en-US\",\"@id\":\"https:\/\/summer.ski.it\/en\/#\/schema\/logo\/image\/\",\"url\":\"https:\/\/summer.ski.it\/wp-content\/uploads\/sites\/6\/2024\/09\/LogoSkiArea.svg\",\"contentUrl\":\"https:\/\/summer.ski.it\/wp-content\/uploads\/sites\/6\/2024\/09\/LogoSkiArea.svg\",\"width\":500,\"height\":386,\"caption\":\"Summer SKI Promo\"},\"image\":{\"@id\":\"https:\/\/summer.ski.it\/en\/#\/schema\/logo\/image\/\"}}]}<\/script>\n<!-- \/ Yoast SEO plugin. -->","yoast_head_json":{"title":"86cf763a-5d4e-4b26-8bef-6e4485804a01 - Summer SKI Promo","robots":{"index":"index","follow":"follow","max-snippet":"max-snippet:-1","max-image-preview":"max-image-preview:large","max-video-preview":"max-video-preview:-1"},"canonical":"https:\/\/summer.ski.it\/en\/structure\/86cf763a-5d4e-4b26-8bef-6e4485804a01\/","og_locale":"en_US","og_type":"article","og_title":"86cf763a-5d4e-4b26-8bef-6e4485804a01 - Summer SKI Promo","og_url":"https:\/\/summer.ski.it\/en\/structure\/86cf763a-5d4e-4b26-8bef-6e4485804a01\/","og_site_name":"Summer SKI Promo","twitter_card":"summary_large_image","schema":{"@context":"https:\/\/schema.org","@graph":[{"@type":"WebPage","@id":"https:\/\/summer.ski.it\/en\/structure\/86cf763a-5d4e-4b26-8bef-6e4485804a01\/","url":"https:\/\/summer.ski.it\/en\/structure\/86cf763a-5d4e-4b26-8bef-6e4485804a01\/","name":"86cf763a-5d4e-4b26-8bef-6e4485804a01 - Summer SKI Promo","isPartOf":{"@id":"https:\/\/summer.ski.it\/en\/#website"},"datePublished":"2026-04-11T12:59:07+00:00","dateModified":"2026-04-11T12:59:07+00:00","breadcrumb":{"@id":"https:\/\/summer.ski.it\/en\/structure\/86cf763a-5d4e-4b26-8bef-6e4485804a01\/#breadcrumb"},"inLanguage":"en-US","potentialAction":[{"@type":"ReadAction","target":["https:\/\/summer.ski.it\/en\/structure\/86cf763a-5d4e-4b26-8bef-6e4485804a01\/"]}]},{"@type":"BreadcrumbList","@id":"https:\/\/summer.ski.it\/en\/structure\/86cf763a-5d4e-4b26-8bef-6e4485804a01\/#breadcrumb","itemListElement":[{"@type":"ListItem","position":1,"name":"Home","item":"https:\/\/summer.ski.it\/test-home\/"},{"@type":"ListItem","position":2,"name":"Structures","item":"https:\/\/summer.ski.it\/en\/structures\/"},{"@type":"ListItem","position":3,"name":"86cf763a-5d4e-4b26-8bef-6e4485804a01"}]},{"@type":"WebSite","@id":"https:\/\/summer.ski.it\/en\/#website","url":"https:\/\/summer.ski.it\/en\/","name":"Summer SKI Promo","description":"","publisher":{"@id":"https:\/\/summer.ski.it\/en\/#organization"},"potentialAction":[{"@type":"SearchAction","target":{"@type":"EntryPoint","urlTemplate":"https:\/\/summer.ski.it\/en\/?s={search_term_string}"},"query-input":{"@type":"PropertyValueSpecification","valueRequired":true,"valueName":"search_term_string"}}],"inLanguage":"en-US"},{"@type":"Organization","@id":"https:\/\/summer.ski.it\/en\/#organization","name":"Summer SKI Promo","url":"https:\/\/summer.ski.it\/en\/","logo":{"@type":"ImageObject","inLanguage":"en-US","@id":"https:\/\/summer.ski.it\/en\/#\/schema\/logo\/image\/","url":"https:\/\/summer.ski.it\/wp-content\/uploads\/sites\/6\/2024\/09\/LogoSkiArea.svg","contentUrl":"https:\/\/summer.ski.it\/wp-content\/uploads\/sites\/6\/2024\/09\/LogoSkiArea.svg","width":500,"height":386,"caption":"Summer SKI Promo"},"image":{"@id":"https:\/\/summer.ski.it\/en\/#\/schema\/logo\/image\/"}}]}},"structure_name":"LA CASA DI NIL - APPARTAMENTO CERVO","custom_town":"","town":"Spiazzo","structure_type":"Accommodation","code":"ACC015402","latitude":"46.102587","longitude":"10.736819","stars":"","stars_superior":"","check_in_from":"","check_in_to":"","check_out_from":"","check_out_to":"","image":"https:\/\/resc.deskline.net\/images\/TRN\/1\/3279dc01-1fe3-446b-bcb1-909ee730f486\/99\/image.jpg","image2":"https:\/\/resc.deskline.net\/images\/TRN\/1\/b63099c3-63dd-4881-bd26-85272e2b3f4c\/99\/image.jpg","image3":"https:\/\/resc.deskline.net\/images\/TRN\/1\/978cad24-c797-4e9b-ac23-436a30db9d7d\/99\/image.jpeg","image4":"https:\/\/resc.deskline.net\/images\/TRN\/1\/53250524-42f6-40dd-a7e3-e2a1189e2baf\/99\/image.jpg","description":"Entrando nell'edificio, al secondo piano si trova l'appartamento \"Cervo\". Lo spazio \u00e8 ben proporzionato con arredi tipici da montagna ma moderni e confortevoli. Al piano d'ingresso dell'appartamento si trova un'ampia zona giorno ben illuminata da luce naturale con una cucina attrezzata (lavastoviglie, forno, forno a micro-onde, piano induzione, macchina del caff\u00e8 e frigorifero), sala pranzo open-space da 8 posti, un divano letto matrimoniale diretto allo spazio TV, ed un bagno attrezzato di doccia e lavasciuga per i pi\u00f9 esigenti. Tramite una gradevole scala in abete, dalla zona giorno, si accede alla zona note mansardata, costituita da 2 camere da letto (Una Matrimoniale ed una Tripla). La luce naturale al piano mansardato \u00e8 garantita da ampi lucernari. Nella zona notte troverete un ampio e comodo bagno con tutti i comfort.","description_de":"Beim Betreten des Geb\u00e4udes befindet sich im zweiten Stock die Wohnung \"Reh\". Der Raum ist gut proportioniert, mit typischen, modernen und komfortablen Bergm\u00f6beln. Im Eingangsbereich der Wohnung gibt es einen gro\u00dfen, hellen Wohnbereich, der von nat\u00fcrlichem Licht durchflutet wird, mit einer voll ausgestatteten K\u00fcche (Geschirrsp\u00fcler, Ofen, Mikrowelle, Induktionskochfeld, Kaffeemaschine und K\u00fchlschrank), einem offenen Essbereich mit Platz f\u00fcr 8 Personen, einem Schlafsofa mit Blick auf den TV-Bereich und einem Bad mit Dusche und Waschmaschinen-Trockner f\u00fcr die Anspruchsvolleren. \u00dcber eine angenehme Treppe aus Fichte gelangen Sie vom Wohnbereich in den Dachgeschossbereich, der aus 2 Schlafzimmern besteht (einem Doppelzimmer und einem Dreibettzimmer). Nat\u00fcrliches Licht im Dachgeschoss wird durch gro\u00dfe Dachfenster gew\u00e4hrleistet. Im Schlafbereich finden Sie ein ger\u00e4umiges und komfortables Bad mit allen Annehmlichkeiten.","description_en":"Upon entering the building, the \u2018Cervo\u2019 apartment is located on the second floor. The space is well proportioned with typical mountain furnishings that are both modern and comfortable. On the entrance floor of the flat, there is a large living area well lit by natural light with a fully equipped kitchen (dishwasher, oven, microwave, induction hob, coffee machine and refrigerator), an open-plan dining room with seating for 8, a double sofa bed facing the TV area, and a bathroom equipped with a shower and washer-dryer for the most demanding guests. A pleasant fir staircase leads from the living area to the attic area, which consists of 2 bedrooms (one double and one triple). Natural light in the attic is provided by large skylights. In the sleeping area, you will find a large and comfortable bathroom with all amenities.","description_cz":"Upon entering the building, the \u2018Cervo\u2019 apartment is located on the second floor. The space is well proportioned with typical mountain furnishings that are both modern and comfortable. On the entrance floor of the flat, there is a large living area well lit by natural light with a fully equipped kitchen (dishwasher, oven, microwave, induction hob, coffee machine and refrigerator), an open-plan dining room with seating for 8, a double sofa bed facing the TV area, and a bathroom equipped with a shower and washer-dryer for the most demanding guests. A pleasant fir staircase leads from the living area to the attic area, which consists of 2 bedrooms (one double and one triple). Natural light in the attic is provided by large skylights. In the sleeping area, you will find a large and comfortable bathroom with all amenities.","description_pl":"Wchodz\u0105c do budynku, na drugim pi\u0119trze znajduje si\u0119 apartament \"Cervo\". Przestrze\u0144 jest dobrze proporcjonalna, z typowymi, ale nowoczesnymi i wygodnymi g\u00f3rskimi meblami. Na poziomie wej\u015bcia do apartamentu znajduje si\u0119 przestronny, dobrze o\u015bwietlony przez naturalne \u015bwiat\u0142o salon z w pe\u0142ni wyposa\u017con\u0105 kuchni\u0105 (zmywarka, piekarnik, mikrofal\u00f3wka, p\u0142yta indukcyjna, ekspres do kawy i lod\u00f3wka), otwart\u0105 cz\u0119\u015bci\u0105 jadaln\u0105 na 8 os\u00f3b, rozk\u0142adan\u0105 sof\u0105 pod k\u0105tem do strefy TV oraz \u0142azienk\u0105 z prysznicem i pralko-suszark\u0105 dla najbardziej wymagaj\u0105cych. Poprzez przyjemne schody z \u015bwierku, z salonu mo\u017cna przej\u015b\u0107 do poddasza, kt\u00f3re sk\u0142ada si\u0119 z 2 sypialni (jednej ma\u0142\u017ce\u0144skiej i jednej trzyosobowej). Naturalne \u015bwiat\u0142o na poddaszu zapewniaj\u0105 du\u017ce okna dachowe. W strefie nocnej znajdziecie przestronn\u0105 i komfortow\u0105 \u0142azienk\u0119 ze wszystkimi udogodnieniami.","links":"<a href=\"\" target=\"_blank\"><\/a>","facilities":[],"facilities_de":[],"facilities_en":[],"facilities_gz":[],"facilities_pl":[],"address":"Frazione Fisto 2","address_2":"","address_3":"38088 Spiazzo Rendena (TN)","email":"info@lacasadinil.it ","phone_number":"+39 375 5407396","trust_you":"","trust_you_count":"","accommodation_type":"","provider":"Stai prenotando un prodotto\/servizio di competenza di Madonna di Campiglio Azienda per il Turismo S.p.A.","sold_out":"","starting_price":"","imagesummer":"https:\/\/resc.deskline.net\/images\/TRN\/1\/3279dc01-1fe3-446b-bcb1-909ee730f486\/99\/image.jpg","image2summer":"https:\/\/resc.deskline.net\/images\/TRN\/1\/b63099c3-63dd-4881-bd26-85272e2b3f4c\/99\/image.jpg","image3summer":"https:\/\/resc.deskline.net\/images\/TRN\/1\/978cad24-c797-4e9b-ac23-436a30db9d7d\/99\/image.jpeg","image4summer":"https:\/\/resc.deskline.net\/images\/TRN\/1\/53250524-42f6-40dd-a7e3-e2a1189e2baf\/99\/image.jpg","price_description_de":"","price_description_it":"","price_description_en":"","_links":{"self":[{"href":"https:\/\/summer.ski.it\/en\/wp-json\/wp\/v2\/structure\/7394"}],"collection":[{"href":"https:\/\/summer.ski.it\/en\/wp-json\/wp\/v2\/structure"}],"about":[{"href":"https:\/\/summer.ski.it\/en\/wp-json\/wp\/v2\/types\/structure"}],"wp:attachment":[{"href":"https:\/\/summer.ski.it\/en\/wp-json\/wp\/v2\/media?parent=7394"}],"wp:term":[{"taxonomy":"fow","embeddable":true,"href":"https:\/\/summer.ski.it\/en\/wp-json\/wp\/v2\/fow?post=7394"},{"taxonomy":"impianti_inclusi","embeddable":true,"href":"https:\/\/summer.ski.it\/en\/wp-json\/wp\/v2\/impianti_inclusi?post=7394"},{"taxonomy":"profilo","embeddable":true,"href":"https:\/\/summer.ski.it\/en\/wp-json\/wp\/v2\/profilo?post=7394"},{"taxonomy":"profilo_secondario","embeddable":true,"href":"https:\/\/summer.ski.it\/en\/wp-json\/wp\/v2\/profilo_secondario?post=7394"}],"curies":[{"name":"wp","href":"https:\/\/api.w.org\/{rel}","templated":true}]}}

Entrando nell'edificio, al secondo piano si trova l'appartamento "Cervo". Lo spazio è ben proporzionato con arredi tipici da montagna ma moderni e confortevoli. Al piano d'ingresso dell'appartamento si trova un'ampia zona giorno ben illuminata da luce naturale con una cucina attrezzata (lavastoviglie, forno, forno a micro-onde, piano induzione, macchina del caffè e frigorifero), sala pranzo open-space da 8 posti, un divano letto matrimoniale diretto allo spazio TV, ed un bagno attrezzato di doccia e lavasciuga per i più esigenti. Tramite una gradevole scala in abete, dalla zona giorno, si accede alla zona note mansardata, costituita da 2 camere da letto (Una Matrimoniale ed una Tripla). La luce naturale al piano mansardato è garantita da ampi lucernari. Nella zona notte troverete un ampio e comodo bagno con tutti i comfort.

Beim Betreten des Gebäudes befindet sich im zweiten Stock die Wohnung "Reh". Der Raum ist gut proportioniert, mit typischen, modernen und komfortablen Bergmöbeln. Im Eingangsbereich der Wohnung gibt es einen großen, hellen Wohnbereich, der von natürlichem Licht durchflutet wird, mit einer voll ausgestatteten Küche (Geschirrspüler, Ofen, Mikrowelle, Induktionskochfeld, Kaffeemaschine und Kühlschrank), einem offenen Essbereich mit Platz für 8 Personen, einem Schlafsofa mit Blick auf den TV-Bereich und einem Bad mit Dusche und Waschmaschinen-Trockner für die Anspruchsvolleren. Über eine angenehme Treppe aus Fichte gelangen Sie vom Wohnbereich in den Dachgeschossbereich, der aus 2 Schlafzimmern besteht (einem Doppelzimmer und einem Dreibettzimmer). Natürliches Licht im Dachgeschoss wird durch große Dachfenster gewährleistet. Im Schlafbereich finden Sie ein geräumiges und komfortables Bad mit allen Annehmlichkeiten.

Wchodząc do budynku, na drugim piętrze znajduje się apartament "Cervo". Przestrzeń jest dobrze proporcjonalna, z typowymi, ale nowoczesnymi i wygodnymi górskimi meblami. Na poziomie wejścia do apartamentu znajduje się przestronny, dobrze oświetlony przez naturalne światło salon z w pełni wyposażoną kuchnią (zmywarka, piekarnik, mikrofalówka, płyta indukcyjna, ekspres do kawy i lodówka), otwartą częścią jadalną na 8 osób, rozkładaną sofą pod kątem do strefy TV oraz łazienką z prysznicem i pralko-suszarką dla najbardziej wymagających. Poprzez przyjemne schody z świerku, z salonu można przejść do poddasza, które składa się z 2 sypialni (jednej małżeńskiej i jednej trzyosobowej). Naturalne światło na poddaszu zapewniają duże okna dachowe. W strefie nocnej znajdziecie przestronną i komfortową łazienkę ze wszystkimi udogodnieniami.
